0, -4*z + 5*i + 6633 = t. Is z a composite number?
False
Let t be 4*(4/10)/(2/(-10)). Let z(k) = -39*k - 24. Let d be z(t). Let a = d + -31. Is a prime?
True
Suppose -165*r + 2565411 + 11843883 + 17785671 = 0. Is r a prime number?
True
Let d(j) = -j**3 + 8*j**2 - 12*j + 5. Let q be d(6). Suppose -q*b = -2*b + p + 7, 4*b + 8 = -2*p. Is b/(6/4) + (1041 - 0) a prime number?
True
Suppose -132*a + 113*a = -29317. Is a composite?
False
Let a be -3*356855/(-30) + 1/2. Suppose 8090 - a = -4*x. Is x a prime number?
True
Let v = -103 - -22. Let j be (-38)/9 - (-6)/v*-3. Is (j - (-28)/8)*(1 + -6407) a prime number?
True
Let u be (19/38)/(0 + 1/28). Let f(d) = 2*d**3 - 13*d**2 - d + 31. Is f(u) a prime number?
True
Let g(s) = -4*s**2 - 43*s + 79. Let k(o) = -3*o**2 - 29*o + 58. Let r(w) = -5*g(w) + 7*k(w). Let f(m) = 4*m - 6. Let y be f(4). Is r(y) a composite number?
False
Suppose -3*r - 20 = -26. Suppose r*y = 3*y + 1. Is (-1 + 204)*1/((-1)/y) composite?
True
Let i be (2 - 3) + 5 - 2448. Let j = 665 - i. Is j a prime number?
True
Let z(q) = 2*q**2 + 41*q - 23. Let o(c) = c**2 + 27*c - 15. Let r(v) = -8*o(v) + 5*z(v). Suppose 0 = -2*h - h + 36. Is r(h) a prime number?
False
Let x(u) = 2*u**3 - 14*u**2 - 26*u + 1. Let g = -730 + 746. Is x(g) composite?
True
Let s = 105 + -93. Suppose s = -4*h - 0, -b - 3*h + 3632 = 0. Is b a composite number?
True
Suppose 24*t - 125708 = -21860. Let f = 4872 + t. Is f a composite number?
False
Let v be (1 - 0)/((-2)/(-4) + 0). Suppose -8510 = -3*m - 5*y, 8500 = v*m + m - 5*y. Suppose -m = -8*q + 2517. Is q a prime number?
False
Is ((4/10)/((-1)/5))/((-520)/119799420) a composite number?
True
Suppose 3*l = -2*l + 10. Suppose -u = l - 4. Is 18 + 1419 + u/1 a prime number?
True
Is -5*((-434856)/40)/3 a prime number?
True
Let w(v) = -16*v - 190. Let q be w(-12). Suppose -3*r - h + 78570 = 0, 3*r + q*h - 5*h = 78558. Is r a composite number?
False
Suppose 0 = -m - 3*i + 52, -2*m - 4*i = -m - 47. Suppose -5*q = 3*o - m, 3*o - 41 = -3*q + o. Suppose 0 = -q*v + 9*v + 290. Is v prime?
False
Is (2032736 - 1318)*(1/10 + 2/5) a composite number?
False
Let s(w) = -10*w**3 + 20*w**2 + 3*w - 5. Let u be s(2). Let m(d) = 8*d + 0 - 2 + 5. Is m(u) a composite number?
False
Let o = 97 + -93. Suppose -o*f + 4819 = 2*r - 4665, -5*r - 2360 = -f. Let c = f - 487. Is c prime?
False
Let d = 525 + 472. Is d a prime number?
True
Let c = 702 - 698. Let d be ((-18)/4)/(-1)*14. Suppose 613 + d = c*p. Is p a composite number?
True
Let g = 223 + -130. Let o = 770 + g. Is o a composite number?
False
Let v = -52 - -98. Let q = v + -40. Is -1*((-8)/12 - 938/q) a prime number?
True
Suppose 2*l - 3771 = -0*a - 3*a, -5*a = -5*l - 6260. Let v = 2748 - a. Let w = v + -132. Is w composite?
False
Suppose 5*a + 2*k = 1017663, -814128 = -4*a - 208*k + 207*k. Is a prime?
True
Let z = -63 - -180. Suppose -z = p - 560. Is p a composite number?
False
Let g = -3449 + 26350. Is g a prime number?
True
Let f(v) = 1768*v**2 - 99*v - 272. Is f(-13) prime?
True
Is (8 - (-39190)/(-8))*-4*(-2 + 3) composite?
True
Suppose -q = -2*z - 4, -4*z = 3*q + 2*q - 20. Suppose 2*w + 3*p = 631, -3*w + 2*w = q*p - 318. Is w composite?
True
Let t(m) = 44*m**2 + 4*m + 14. Suppose 20 = 4*r + 4*n, 15*r + 2*n = 20*r - 32. Is t(r) a prime number?
False
Let l(u) = 2*u - 3*u**2 - 16*u**3 + 0*u**2 + 59 - 48. Is l(-4) prime?
False
Is (-9 + 11)/(8/555924) composite?
True
Let y(p) = p**2 + 11*p - 10. Let x be y(-12). Let w(v) = -v**3 + 17*v**x - 4*v**2 - 4 + 12*v - 1 + 2. Is w(11) composite?
True
Suppose 12 = 3*o - 4*q, -7*o = -2*o + 5*q + 15. Suppose -3*w + 17438 + 40057 = o. Is w a prime number?
False
Suppose 1604941 = 203*w - 257178. Is w composite?
False
Suppose -4*m = -2*f - 536972, 282616 = 5*m + 2*f - 388590. Is m prime?
False
Let h(c) = 46*c**2 - 18*c - 79. Is h(18) composite?
True
Let y(g) = -g**3 - 37*g**2 + 14*g - 16. Let l be y(-32). Let a = -1001 - l. Is a a prime number?
True
Let i = -317943 + 719252. Is i a prime number?
True
Let n(p) = 19908*p**2 - 653*p + 3284. Is n(5) a composite number?
False
Suppose 512462 - 1884215 = -9*r. Is r a composite number?
False
Suppose -82*f + 370*f - 4259481 - 48992007 = 0. Is f a prime number?
True
Is (3 - (-5)/((-50)/(-551605)))/((-2)/(-4)) composite?
True
Let b(t) = -473*t - 37. Suppose -3 = 3*c + 2*g, c - 21 = 4*c - 4*g. Is b(c) a prime number?
False
Let j = -233 - -402. Is 251100/52 + 26/j composite?
True
Let h be (-3 - (-66)/(-24))/((-2)/8). Let f(z) = h*z + 21*z - 9 - 2 - 19*z. Is f(2) composite?
True
Let t = -106544 - -282981. Is t prime?
False
Suppose -k = 2*k - 15. Let z(w) = w**3 - 20*w**2 + 67*w - 7. Let g be z(4). Suppose -677 = -d - 4*o, 2*d = g*d + k*o - 2052. Is d prime?
False
Let j(h) = -11573*h**3 - 14*h**2 - 106*h - 96. Is j(-5) a prime number?
False
Suppose 0 = -q - 3*j + 23084, -j - 2948 = -3*q + 66314. Is q prime?
True
Let n(l) = -85*l - 1. Let b(y) = 43*y. Let q(r) = 11*b(r) + 6*n(r). Let h be q(-3). Suppose -h = -0*m - 5*m. Is m prime?
False
Is 523450 - -92 - (-4*2)/2 a composite number?
True
Suppose f = -5*y + 782 + 10864, 5*f - 58360 = y. Is f a composite number?
True
Let b(w) = -3*w**2 + 57 - 65 + 4*w**2 + 12*w. Let a be b(-13). Suppose -a*x = -15 - 10, 2440 = 5*u - 3*x. Is u a composite number?
False
Let k(y) = -y + 2. Let t be k(2). Let i be (-130)/(-13) - (1 + t). Is (-80 - -1)*(i + -10) a composite number?
False
Suppose 0 = -q - m, 4*q - 5*m = 7*q. Suppose q = f + 11*f - 4884. Is f a prime number?
False
Suppose -5863261 = -135*b + 2046794. Is b a prime number?
False
Let z = -378 + 387. Let t(u) = 2876*u - 47. Is t(z) composite?
True
Let i(k) = -33*k - 30. Let s be i(-1). Let g(l) = l**2 + 1. Let p be g(1). Suppose -3*h - 4*w = -1961, s*w = p*h + 2*w - 1311. Is h a composite number?
True
Is (-51)/17*152657/(-3) a prime number?
True
Let p be (52/(-182))/(2/(-42)). Let s(n) = 47*n**3 + 5*n**2 + n + 9. Is s(p) a prime number?
False
Let s = 33996 + 8653. Is s a prime number?
True
Suppose q - 2*k = 6*q - 310205, -62049 = -q - 2*k. Is q composite?
False
Suppose -4*t + 5204 = 3*i, -7*i = 4*t - 5*i - 5204. Suppose 5*v - 2*r - 9908 = -t, 4*v = 2*r + 6886. Is v prime?
True
Suppose 11*m - 12*m = -5. Let l(u) be the third derivative of 7*u**6/40 + u**5/30 - 5*u**4/24 + u**3/2 + 10*u**2. Is l(m) a prime number?
False
Let y(b) = -10 - 12 + 4*b - 29 + 426*b**2 + 54. Is y(-4) composite?
False
Let h(t) = 4*t + 31. Let r be h(-7). Suppose 5*a = -r*b + a - 769, 2*b - 3*a + 541 = 0. Let o = 4 - b. Is o a prime number?
False
Suppose 30 - 10 = 4*z. Let c(k) be the third derivative of k**5/3 - 3*k**4/8 + 3*k**3 + 1772*k**2. Is c(z) composite?
True
Suppose -5*b = -15459 - 11412 - 58594. Is b composite?
False
Let b be (-10)/15 - (726603/(-9) + 0). Let h = b + -39138. Is (-4)/6 - (-1)/(9/h) a composite number?
False
Suppose 16*z - 1 = 15. Is 1*(z + 13/(13/6456)) prime?
False
Suppose -16958 = -3*p + 2*s + 130461, 3*p + 5*s - 147412 = 0. Is p a composite number?
False
Let m(g) be the first derivative of -73*g**4/4 - 2*g**3/3 - 2*g**2 - 4*g + 54. Is m(-3) prime?
False
Let i(v) be the third derivative of 7*v**5/30 - 29*v**4/24 + 7*v**3/2 + 15*v**2 - 3. Is i(-22) composite?
True
Let q = 1265 + -855. Suppose 0 = -4*r + 4*g, 2*r + g - 2*g = 4. Suppose 5*v - 4*f + q - 5845 = 0, 0 = r*f. Is v a composite number?
False
Let l = 112 - 113. Let z be -4 - (l + 3 - 15). Suppose 0*i = z*i - 8847. Is i composite?
False
Let w be (137692/(-203))/(4/(-14)). Suppose -3*b - 2*i = i - 2358, 3*b = i + w. Let g = b + 105. Is g prime?
False
Suppose -20*u + 16*u = -28. Suppose 6*l - u*l = -19815. Suppose 5*z = -4*c - 0*z + l, -19825 = -4*c + 5*z. Is c a prime number?
False
Suppose 5*b - 16791 = 32989. Suppose -d + 10*g + 2512 = 5*g, -b = -4*d - 3*g. Suppose -14*f + d = -10*f. Is f composite?
True
Is (50/30)/(((-50)/25962)/(-5)) prime?
True
Let b = -214246 + 630549. Is b a composite number?
True
Let a be (-4965)/6*5/(25/(-4)). Let r = -226 - -373. Suppose f - a = r. Is f composite?
False
Let o = 47497 + 158785. Is o prime?
False
Suppose 188138 = 2*c - z, 14*c - 15*c - 2*z = -94059. Is c composite?
True
Let w(n) = -46*n - 332. Let r be w(-7). Is (-10)/2 + (r - -158) a prime number?
False
Suppose -2*r + 21054 = -71*a + 75*a, 0 = 5*a - 5*r - 26355. Is a a composite number?
Tru